-7 - -927?
920
In base 16, what is 0 - 362?
-362
In base 14, what is 3d + 1b?
5a
In base 10, what is 14644 - -5?
14649
In base 3, what is -110001 - 111?
-110112
In base 15, what is -28 + 14?
-14
In base 6, what is -130402 + -2?
-130404
In base 5, what is 1014 + 2?
1021
In base 14, what is -4 + -5b?
-61
In base 9, what is 455 + -3?
452
In base 5, what is 3 + -431?
-423
In base 3, what is -1 - -12111?
12110
In base 6, what is 302151 + 5?
302200
In base 14, what is b2 + -2c?
84
In base 16, what is 44 + -d?
37
In base 4, what is -2 - -212103?
212101
In base 9, what is -54 + 126?
62
In base 13, what is -1 + -b0?
-b1
In base 10, what is -36 + 28?
-8
In base 10, what is 3 - -50?
53
In base 10, what is 1889 + 2?
1891
In base 13, what is 5 - -297c?
2984
In base 9, what is -5 + 2564?
2558
In base 3, what is -1220212 + 0?
-1220212
In base 6, what is 154222 + 0?
154222
In base 6, what is -222 - -12?
-210
In base 11, what is a4 + 1?
a5
In base 12, what is 21 + 17?
38
In base 13, what is -263 + 8?
-258
In base 15, what is 4 - 453?
-44e
In base 3, what is -122010 - 2?
-122012
In base 2, what is 1001010010 - 100?
1001001110
In base 8, what is -2770 - 2?
-2772
In base 10, what is 11 - -6?
17
In base 14, what is a - d1?
-c5
In base 3, what is -1022 + 1002?
-20
In base 3, what is 2021 + 11?
2102
In base 15, what is 636 - -17?
64d
In base 5, what is 4324 + -2?
4322
In base 2, what is -11100110 - -1?
-11100101
In base 10, what is -15 + -81?
-96
In base 3, what is -1 - -11?
10
In base 8, what is 3 + -17?
-14
In base 2, what is -11 - 1100100?
-1100111
In base 15, what is -7 + -140?
-147
In base 15, what is 3 + 4e9?
4ec
In base 5, what is -14314 + 2?
-14312
In base 8, what is -112 + -4?
-116
In base 7, what is -204 + -34?
-241
In base 6, what is 53 - 14?
35
In base 6, what is -3 - 3?
-10
In base 15, what is -38 + -3?
-3b
In base 12, what is a - 512?
-504
In base 11, what is -1 + 227?
226
In base 12, what is -10 + 39?
29
In base 11, what is 6 + -53?
-48
In base 12, what is -1 + -34?
-35
In base 6, what is -4 - -301?
253
In base 15, what is -4 - -7?
3
In base 4, what is 10 - 230?
-220
In base 11, what is 1379 + 5?
1383
In base 10, what is -5 - 269?
-274
In base 6, what is 1 + -513?
-512
In base 8, what is 4 + -207?
-203
In base 12, what is 8 - -28?
34
In base 16, what is 1 - 0?
1
In base 8, what is 56 + -3?
53
In base 14, what is -4 + 47?
43
In base 6, what is 4 - 23244?
-23240
In base 12, what is 4 + -908?
-904
In base 7, what is -3 - 104?
-110
In base 12, what is -52 - 0?
-52
In base 10, what is -3358 - -3?
-3355
In base 2, what is 10001001 + -10?
10000111
In base 11, what is -6447 + 3?
-6444
In base 8, what is 2640 + -1?
2637
In base 13, what is -33 + 4?
-2c
In base 13, what is -5 - 1452?
-1457
In base 7, what is -33200 - -3?
-33164
In base 7, what is 4 + -150?
-143
In base 5, what is 301 + 3?
304
In base 2, what is 1101100 - 11?
1101001
In base 10, what is -193 - -8?
-185
In base 5, what is -3014 + -4?
-3023
In base 8, what is -3 - 224?
-227
In base 3, what is 2202102120 - -2?
2202102122
In base 6, what is 20 + -24?
-4
In base 10, what is -5039 + 5?
-5034
In base 2, what is -11010001 - -101?
-11001100
In base 6, what is -31 - 151?
-222
In base 2, what is -1 - 10001?
-10010
In base 13, what is -44b + -3?
-451
In base 7, what is 3 + 4?
10
In base 14, what is -1 - -300?
2dd
In base 3, what is -202 - 102120?
-110022
In base 10, what is 93 + 0?
93
In base 12, what is -4 + 61?
59
In base 16, what is -1 - 60?
-61
In base 8, what is 106 - 1?
105
In base 5, what is -111 + 11?
-100
In base 15, what is -5 - -14?
e
In base 8, what is 2 - 77?
-75
In base 9, what is -42 - -1?
-41
In base 16, what is -831 - 9?
-83a
In base 4, what is -2110 + -21?
-2131
In base 12, what is -63 - -5?
-5a
In base 3, what is -21 + -1201?
-1222
In base 9, what is 3 - -1767?
1771
In base 13, what is -1206 + 3?
-1203
In base 2, what is -100000 + 100?
-11100
In base 2, what is -10000110 - 101?
-10001011
In base 6, what is -5 + -24?
-33
In base 2, what is 1010000111 - 11?
1010000100
In base 6, what is -2003 - -5?
-1554
In base 13, what is -c - 65?
-74
In base 9, what is -4 + -1156?
-1161
In base 8, what is 23 - 6?
15
In base 10, what is 42 + 17?
59
In base 3, what is 12 - -111022?
111111
In base 4, what is -321 - 120?
-1101
In base 3, what is -10012 + -2?
-10021
In base 12, what is -41 + 130?
ab
In base 2, what is -1110 + 1010000?
1000010
In base 8, what is 4 + -1140?
-1134
In base 16, what is -30 + -7?
-37
In base 3, what is -100220 - 11?
-101001
In base 11, what is 24a + 85?
324
In base 5, what is 211 + -10?
201
In base 8, what is 5 - 7154?
-7147
In base 5, what is -31 - 4?
-40
In base 13, what is -1 + -3?
-4
In base 15, what is -9 + c?
3
In base 2, what is 11 + 100110011011?
100110011110
In base 5, what is -424303 - 3?
-424311
In base 12, what is -144 - 23?
-167
In base 10, what is -40 + 0?
-40
In base 13, what is 21 - 37?
-16
In base 12, what is 81 + -13?
6a
In base 16, what is 1 - 18?
-17
In base 5, what is 0 - -33?
33
In base 16, what is -2d6a - 2?
-2d6c
In base 3, what is 22 - 100?
-1
In base 14, what is -1c + -3?
-21
In base 16, what is 0 + ef?
ef
In base 13, what is 1356a + 5?
13572
In base 3, what is -200 + 1?
-122
In base 3, what is -2020 + -211?
-10001
In base 2, what is -110 + -11110000?
-11110110
In base 5, what is 402 + 114?
1021
In base 5, what is 23010 + 4?
23014
In base 5, what is -1102 + 21?
-1031
In base 4, what is -31 + 3?
-22
In base 3, what is 1 + 2001110?
2001111
In base 14, what is -56 + 5?
-51
In base 11, what is 13 - 27?
-14
In base 11, what is -14 + 3?
-11
In base 9, what is -2 + -6613?
-6615
In base 4, what is 2 + 212?
220
In base 3, what is 100011122 + 11?
100011210
In base 9, what is 32 - 44?
-12
In base 4, what is 0 + 10222?
10222
In base 3, what is -1 - -112?
111
In base 14, what is c8 + -6c?
5a
In base 11, what is -298 - -1?
-297
In base 6, what is 2530 - -13?
2543
In base 16, what is 4 - -31?
35
In base 3, what is 112221 + -10?
112211
In base 2, what is 100100001 - 1001?
100011000
In base 11, what is 462 - -36?
498
In base 11, what is a672 + 2?
a674
In base 7, what is -4 + -10055?
-10062
In base 4, what is 1331011 - 11?
1331000
In base 12, what is 2129 - 3?
2126
In base 5, what is 13114 - 1?
13113
In base 7, what is -4 - 1644?
-1651
In base 2, what is -1011001111000 - 1?
-1011001111001
In base 15, what is -4 + -22d?
-232
In base 3, what is -2101 - 10?
-2111
In base 16, what is -5 + 35?
30
In base 14, what is 650 - 5?
649
In base 14, what is -18 - -3db?
3c3
In base 3, what is -111111122 + -10?
-111111202
In base 15, what is -6 - -45d?
457
In base 13, what is a3 - -4?
a7
In base 3, what is 20102 - 1?
20101
In base 10, what is -374 + -4?
-378
In base 15, what is -5 + 20?
1a
In base 14, what is -c2 - 3?
-c5
In base 12, what is 37 + -3a?
-3
In base 10, what is 29 + -22?
7
In base 10, what is -5 - 7944?
-7949
In base 4, what is 1 - -1?
2
In base 2, what is 1011111100110 - -10?
1011111101000
In base 8, what is 14 + 1032?
1046
In base 6, what is 23 - 50?
-23
In base 4, what is 220 - 211?
3
In base 8, what is -2347 + 3?
-2344
In base 14, what is 5 + 1bc?
1c3
In base 5, what is 3422 + 0?
3422
In base 5, what is 133222 + 11?
133233
In base 2, what is -100 + -1?
-101
In base 3, what is 101 + 1122?
2000
In base 10, what is -5 + -1671?
-1676
In base 14, what is -2 + -406?
-408
In base 15, what is 977 + -5?
972
In base 5, what is -1132 + -10?
-1142
In base 8, what is 3 - -33?
36
In base 11, what is 5923 + 2?
5925
In base 9, what is -211 - 3?
-214
In base 3, what is -20 - 1020112?
-1020202
In base 16, what is 5 + -173?
-16e
In base 8, what is -16 - 3?
-21
In base 5, what is 334212 + 2?
334214
In base 14, what is 6d - 12?
5b
In base 7, what is -3 + 3143?
3140
In base 8, what is -2 + 127?
125
In base 7, what is 2 - -1063?
1065
In base 12, what is 2 + 403?
405
In base 4, what is -2 + -33102?
-33110
In base 15, what is -1d + 9a?
7c
In base 10, what is 3257 + -3?
3254
In base 13, what is -3 + -337?
-33a
In base 10, what is -1 + 1010?
1009
In base 2, what is 1 - -10?
11
In base 10, what is -2 - -1838?
1836
In base 14, what is cca + -3?
cc7
In base 16, what is cd + -2?
cb
In base 5, what is -410044 - -2?
-410042
In base 11, what is -272 + -4?
-276
In base 2, what is 10 + -10100100000?
-10